{"id":35,"date":"2019-05-26T08:28:28","date_gmt":"2019-05-26T08:28:28","guid":{"rendered":"http:\/\/zeplin-grabmale.de\/?page_id=35"},"modified":"2019-05-26T09:41:03","modified_gmt":"2019-05-26T09:41:03","slug":"treppen","status":"publish","type":"page","link":"http:\/\/zeplin-grabmale.de\/?page_id=35","title":{"rendered":"Treppen"},"content":{"rendered":"<h3>Treppen \/ Treppenbel\u00e4ge<\/h3>\n<p>aus Granit &#8211; Sandstein &#8211; Marmor u. v. m.<\/p>\n<p>Wir fertigen &#8211; reparieren &#8211; versetzen Treppenanlagen f\u00fcr den Au\u00dfen- u. Innenbereich:<\/p>\n<ul>\n<li>Freitragende Treppenanlagen -auf Stahlkonstruktion verlegt-<\/li>\n<li>Blockstufen<\/li>\n<li>T\u00fcreinfassungen<\/li>\n<li>Fensterb\u00e4nke<\/li>\n<li>Abdeckungen f\u00fcr Mauern usw.<\/li>\n<li>Fassadenverkleidungen<\/li>\n<li>Bel\u00e4ge<\/li>\n<\/ul>\n<figure id=\"attachment_203\" aria-describedby=\"caption-attachment-203\" style=\"width: 300px\" class=\"wp-caption alignnone\"><img loading=\"lazy\" class=\"wp-image-203 size-medium\" src=\"http:\/\/zeplin-grabmale.de\/wp-content\/uploads\/2019\/05\/wir-300x225.jpg\" alt=\"zur Galerie- Referenzen\" width=\"300\" height=\"225\" srcset=\"http:\/\/zeplin-grabmale.de\/wp-content\/uploads\/2019\/05\/wir-300x225.jpg 300w, http:\/\/zeplin-grabmale.de\/wp-content\/uploads\/2019\/05\/wir-768x576.jpg 768w, http:\/\/zeplin-grabmale.de\/wp-content\/uploads\/2019\/05\/wir-1024x768.jpg 1024w\" sizes=\"(max-width: 300px) 100vw, 300px\" \/><figcaption id=\"caption-attachment-203\" class=\"wp-caption-text\"><a href=\"http:\/\/zeplin-grabmale.de\/?page_id=43\">zur Galerie- Referenzen<\/a><\/figcaption><\/figure>\n\n\n<p><\/p>\n","protected":false},"excerpt":{"rendered":"<p>Treppen \/ Treppenbel\u00e4ge aus Granit &#8211; Sandstein &#8211; Marmor u. v. m. Wir fertigen &#8211; reparieren &#8211; versetzen Treppenanlagen f\u00fcr den Au\u00dfen- u. Innenbereich: Freitragende Treppenanlagen -auf Stahlkonstruktion verlegt- Blockstufen T\u00fcreinfassungen Fensterb\u00e4nke Abdeckungen f\u00fcr Mauern usw. Fassadenverkleidungen Bel\u00e4ge<\/p>\n","protected":false},"author":1,"featured_media":0,"parent":0,"menu_order":0,"comment_status":"closed","ping_status":"closed","template":"","meta":[],"_links":{"self":[{"href":"http:\/\/zeplin-grabmale.de\/index.php?rest_route=\/wp\/v2\/pages\/35"}],"collection":[{"href":"http:\/\/zeplin-grabmale.de\/index.php?rest_route=\/wp\/v2\/pages"}],"about":[{"href":"http:\/\/zeplin-grabmale.de\/index.php?rest_route=\/wp\/v2\/types\/page"}],"author":[{"embeddable":true,"href":"http:\/\/zeplin-grabmale.de\/index.php?rest_route=\/wp\/v2\/users\/1"}],"replies":[{"embeddable":true,"href":"http:\/\/zeplin-grabmale.de\/index.php?rest_route=%2Fwp%2Fv2%2Fcomments&post=35"}],"version-history":[{"count":6,"href":"http:\/\/zeplin-grabmale.de\/index.php?rest_route=\/wp\/v2\/pages\/35\/revisions"}],"predecessor-version":[{"id":393,"href":"http:\/\/zeplin-grabmale.de\/index.php?rest_route=\/wp\/v2\/pages\/35\/revisions\/393"}],"wp:attachment":[{"href":"http:\/\/zeplin-grabmale.de\/index.php?rest_route=%2Fwp%2Fv2%2Fmedia&parent=35"}],"curies":[{"name":"wp","href":"https:\/\/api.w.org\/{rel}","templated":true}]}}

<h3>Treppen / Treppenbeläge</h3>
<p>aus Granit &#8211; Sandstein &#8211; Marmor u. v. m.</p>
<p>Wir fertigen &#8211; reparieren &#8211; versetzen Treppenanlagen für den Außen- u. Innenbereich:</p>
<ul>
<li>Freitragende Treppenanlagen -auf Stahlkonstruktion verlegt-</li>
<li>Blockstufen</li>
<li>Türeinfassungen</li>
<li>Fensterbänke</li>
<li>Abdeckungen für Mauern usw.</li>
<li>Fassadenverkleidungen</li>
<li>Beläge</li>
</ul>
<figure id="attachment_203" aria-describedby="caption-attachment-203" style="width: 300px" class="wp-caption alignnone"><img loading="lazy" class="wp-image-203 size-medium" src="http://zeplin-grabmale.de/wp-content/uploads/2019/05/wir-300x225.jpg" alt="zur Galerie- Referenzen" width="300" height="225" srcset="http://zeplin-grabmale.de/wp-content/uploads/2019/05/wir-300x225.jpg 300w, http://zeplin-grabmale.de/wp-content/uploads/2019/05/wir-768x576.jpg 768w, http://zeplin-grabmale.de/wp-content/uploads/2019/05/wir-1024x768.jpg 1024w" sizes="(max-width: 300px) 100vw, 300px" /><figcaption id="caption-attachment-203" class="wp-caption-text"><a href="http://zeplin-grabmale.de/?page_id=43">zur Galerie- Referenzen</a></figcaption></figure>


<p></p>

<p>Treppen / Treppenbeläge aus Granit &#8211; Sandstein &#8211; Marmor u. v. m. Wir fertigen &#8211; reparieren &#8211; versetzen Treppenanlagen für den Außen- u. Innenbereich: Freitragende Treppenanlagen -auf Stahlkonstruktion verlegt- Blockstufen Türeinfassungen Fensterbänke Abdeckungen für Mauern usw. Fassadenverkleidungen Beläge</p>
