{"id":27,"date":"2019-05-26T08:28:28","date_gmt":"2019-05-26T08:28:28","guid":{"rendered":"http:\/\/zeplin-grabmale.de\/?page_id=27"},"modified":"2019-05-26T09:51:14","modified_gmt":"2019-05-26T09:51:14","slug":"grabmale","status":"publish","type":"page","link":"http:\/\/zeplin-grabmale.de\/?page_id=27","title":{"rendered":"Grabmale"},"content":{"rendered":"<h3>Grabmale<\/h3>\n<p>Vom einfachen Grabmal bis zur aufw\u00e4ndigen Grabanlage in gro\u00dfer Vielfalt an Formen, Farbe und Symbolik stehen zur Auswahl. Durch seine Vielf\u00e4ltigkeit ist der Naturstein ein allt\u00e4gliches Naturwunder.<\/p>\n\n\n<ul class=\"wp-block-gallery columns-4 is-cropped\"><li class=\"blocks-gallery-item\"><figure><img loading=\"lazy\" width=\"1024\" height=\"768\" src=\"http:\/\/zeplin-grabmale.de\/wp-content\/uploads\/2019\/05\/Breitstein-3-1024x768.jpg\" alt=\"\" data-id=\"92\" data-link=\"http:\/\/zeplin-grabmale.de\/?attachment_id=92\" class=\"wp-image-92\" srcset=\"http:\/\/zeplin-grabmale.de\/wp-content\/uploads\/2019\/05\/Breitstein-3-1024x768.jpg 1024w, http:\/\/zeplin-grabmale.de\/wp-content\/uploads\/2019\/05\/Breitstein-3-300x225.jpg 300w, http:\/\/zeplin-grabmale.de\/wp-content\/uploads\/2019\/05\/Breitstein-3-768x576.jpg 768w\" sizes=\"(max-width: 1024px) 100vw, 1024px\" \/><figcaption><a href=\"http:\/\/zeplin-grabmale.de\/?page_id=28\">Doppelsteine<\/a><\/figcaption><\/figure><\/li><li class=\"blocks-gallery-item\"><figure><img loading=\"lazy\" width=\"768\" height=\"1024\" src=\"http:\/\/zeplin-grabmale.de\/wp-content\/uploads\/2019\/05\/Einzel-2-768x1024.jpg\" alt=\"\" data-id=\"86\" data-link=\"http:\/\/zeplin-grabmale.de\/?attachment_id=86\" class=\"wp-image-86\" srcset=\"http:\/\/zeplin-grabmale.de\/wp-content\/uploads\/2019\/05\/Einzel-2-768x1024.jpg 768w, http:\/\/zeplin-grabmale.de\/wp-content\/uploads\/2019\/05\/Einzel-2-225x300.jpg 225w\" sizes=\"(max-width: 768px) 100vw, 768px\" \/><figcaption><a href=\"http:\/\/zeplin-grabmale.de\/?page_id=29\">Einzelsteine<\/a><\/figcaption><\/figure><\/li><li class=\"blocks-gallery-item\"><figure><img loading=\"lazy\" width=\"1024\" height=\"770\" src=\"http:\/\/zeplin-grabmale.de\/wp-content\/uploads\/2019\/05\/blatt2-2-1024x770.jpg\" alt=\"\" data-id=\"347\" data-link=\"http:\/\/zeplin-grabmale.de\/?attachment_id=347\" class=\"wp-image-347\" srcset=\"http:\/\/zeplin-grabmale.de\/wp-content\/uploads\/2019\/05\/blatt2-2-1024x770.jpg 1024w, http:\/\/zeplin-grabmale.de\/wp-content\/uploads\/2019\/05\/blatt2-2-300x226.jpg 300w, http:\/\/zeplin-grabmale.de\/wp-content\/uploads\/2019\/05\/blatt2-2-768x577.jpg 768w\" sizes=\"(max-width: 1024px) 100vw, 1024px\" \/><figcaption><a href=\"http:\/\/zeplin-grabmale.de\/?page_id=30\">Liegesteine<\/a><\/figcaption><\/figure><\/li><li class=\"blocks-gallery-item\"><figure><img loading=\"lazy\" width=\"685\" height=\"513\" src=\"http:\/\/zeplin-grabmale.de\/wp-content\/uploads\/2019\/05\/15.jpg\" alt=\"\" data-id=\"88\" data-link=\"http:\/\/zeplin-grabmale.de\/?attachment_id=88\" class=\"wp-image-88\" srcset=\"http:\/\/zeplin-grabmale.de\/wp-content\/uploads\/2019\/05\/15.jpg 685w, http:\/\/zeplin-grabmale.de\/wp-content\/uploads\/2019\/05\/15-300x225.jpg 300w\" sizes=\"(max-width: 685px) 100vw, 685px\" \/><figcaption><a href=\"http:\/\/zeplin-grabmale.de\/?page_id=31\">Abdeckplatten<\/a><\/figcaption><\/figure><\/li><li class=\"blocks-gallery-item\"><figure><img loading=\"lazy\" width=\"655\" height=\"460\" src=\"http:\/\/zeplin-grabmale.de\/wp-content\/uploads\/2019\/05\/1.png\" alt=\"\" data-id=\"90\" data-link=\"http:\/\/zeplin-grabmale.de\/?attachment_id=90\" class=\"wp-image-90\" srcset=\"http:\/\/zeplin-grabmale.de\/wp-content\/uploads\/2019\/05\/1.png 655w, http:\/\/zeplin-grabmale.de\/wp-content\/uploads\/2019\/05\/1-300x211.png 300w, http:\/\/zeplin-grabmale.de\/wp-content\/uploads\/2019\/05\/1-340x240.png 340w\" sizes=\"(max-width: 655px) 100vw, 655px\" \/><figcaption><a href=\"http:\/\/zeplin-grabmale.de\/?page_id=32\">Grabschmuck\/ Ornamentik<\/a><\/figcaption><\/figure><\/li><li class=\"blocks-gallery-item\"><figure><img loading=\"lazy\" width=\"1024\" height=\"944\" src=\"http:\/\/zeplin-grabmale.de\/wp-content\/uploads\/2019\/05\/mauzi_01-1024x944.jpg\" alt=\"\" data-id=\"91\" data-link=\"http:\/\/zeplin-grabmale.de\/?attachment_id=91\" class=\"wp-image-91\" srcset=\"http:\/\/zeplin-grabmale.de\/wp-content\/uploads\/2019\/05\/mauzi_01-1024x944.jpg 1024w, http:\/\/zeplin-grabmale.de\/wp-content\/uploads\/2019\/05\/mauzi_01-300x276.jpg 300w, http:\/\/zeplin-grabmale.de\/wp-content\/uploads\/2019\/05\/mauzi_01-768x708.jpg 768w, http:\/\/zeplin-grabmale.de\/wp-content\/uploads\/2019\/05\/mauzi_01.jpg 1325w\" sizes=\"(max-width: 1024px) 100vw, 1024px\" \/><figcaption><a href=\"http:\/\/zeplin-grabmale.de\/?page_id=81\">Gedenksteine f\u00fcr Tiere<\/a> <\/figcaption><\/figure><\/li><\/ul>\n","protected":false},"excerpt":{"rendered":"<p>Grabmale Vom einfachen Grabmal bis zur aufw\u00e4ndigen Grabanlage in gro\u00dfer Vielfalt an Formen, Farbe und Symbolik stehen zur Auswahl. Durch seine Vielf\u00e4ltigkeit ist der Naturstein ein allt\u00e4gliches Naturwunder.<\/p>\n","protected":false},"author":1,"featured_media":0,"parent":0,"menu_order":0,"comment_status":"closed","ping_status":"closed","template":"","meta":[],"_links":{"self":[{"href":"http:\/\/zeplin-grabmale.de\/index.php?rest_route=\/wp\/v2\/pages\/27"}],"collection":[{"href":"http:\/\/zeplin-grabmale.de\/index.php?rest_route=\/wp\/v2\/pages"}],"about":[{"href":"http:\/\/zeplin-grabmale.de\/index.php?rest_route=\/wp\/v2\/types\/page"}],"author":[{"embeddable":true,"href":"http:\/\/zeplin-grabmale.de\/index.php?rest_route=\/wp\/v2\/users\/1"}],"replies":[{"embeddable":true,"href":"http:\/\/zeplin-grabmale.de\/index.php?rest_route=%2Fwp%2Fv2%2Fcomments&post=27"}],"version-history":[{"count":13,"href":"http:\/\/zeplin-grabmale.de\/index.php?rest_route=\/wp\/v2\/pages\/27\/revisions"}],"predecessor-version":[{"id":400,"href":"http:\/\/zeplin-grabmale.de\/index.php?rest_route=\/wp\/v2\/pages\/27\/revisions\/400"}],"wp:attachment":[{"href":"http:\/\/zeplin-grabmale.de\/index.php?rest_route=%2Fwp%2Fv2%2Fmedia&parent=27"}],"curies":[{"name":"wp","href":"https:\/\/api.w.org\/{rel}","templated":true}]}}